2. Let a be w(o). Suppose 2*q = a + 195. What is the tens digit of q?
0
Let g(k) = 534*k - 5066. What is the units digit of g(41)?
8
Let j(v) = 28*v - 1708 + 3416 - 1707 + 7*v**2. What is the tens digit of j(-11)?
4
Suppose 2*p = -3*p - 5. Let o be (-28)/(-1) - (p + 5). Suppose -4 = -y + o. What is the units digit of y?
8
Let c(a) = -71*a + 649. Let m be c(9). Let z(k) = -k + 12 - k**2 + 2*k**2 - k. What is the units digit of z(m)?
2
Let r be (-2*587/2)/1. Let p = r + 300. What is the units digit of p/(-5) - 10/125*5?
7
Let g(m) = -813*m - 3931. What is the tens digit of g(-35)?
2
What is the units digit of (-8)/(-20) - 3770464/(-340)?
0
Suppose 3*k - 307 = -295. Suppose k*b - w - 2163 = 0, -22*w + 27*w - 1065 = -2*b. What is the units digit of b?
0
Let z be 1*(-1 + -1) + 4. Suppose z*b + u - 136 - 392 = 0, -5*u - 1042 = -4*b. What is the units digit of b?
3
Suppose 7*i + 6 = 41. Suppose 5*n - 1565 = 5*u, i*n + 5*u - 658 = 897. Suppose -15*a + 9*a = -n. What is the tens digit of a?
5
Let r be ((-22)/44)/((-1)/14). Suppose -25*j + r*j = -8568. What is the hundreds digit of j?
4
Suppose -239*s + 5*h - 11617 = -241*s, h = 2*s - 11623. What is the units digit of s?
1
Suppose -70*m - 530840 = -162*m. What is the hundreds digit of m?
7
Let t = 342 - 3. What is the tens digit of 4/(-16)*-4 + t?
4
Let v be 0/(-1)*(-33)/(-231). Suppose v = -2*k + 2*p + 286 - 104, -k = 3*p - 71. What is the tens digit of k?
8
Let u = 1021 + -1859. Let f = 7 - u. What is the hundreds digit of f?
8
Let b(r) be the first derivative of 13 - 11/3*r**3 - 9*r + 3*r**2 - 1/4*r**4. What is the units digit of b(-12)?
3
Suppose 3*b - 9 = 0, -2711 = i - 2*b - 17438. What is the thousands digit of i?
4
Suppose 3*q - 6*f - 68242 = -10*f, 0 = 2*q + 5*f - 45511. What is the thousands digit of q?
2
Let g(b) = -b**2 + 4*b + 7. Let c be g(-13). Let k = -141 - c. What is the units digit of k?
3
What is the ten thousands digit of 14/(-42)*-33 - -6*5013?
3
Let o(s) be the third derivative of -11*s**4/24 + 75*s**3 - 171*s**2. What is the hundreds digit of o(0)?
4
Suppose -36 = -6*p + 2*p. Suppose p*f - 8*f = 1168. What is the units digit of f/9 - (-12)/54?
0
Let h be ((-16)/(-10))/(-4) + (-17862)/(-30). Suppose -h = -o + 2*t, 1190 = 2*o + 20*t - 15*t. What is the units digit of o?
5
Let f be ((-3)/(12/2))/(2/(-8)). Suppose -345 = -v + 3*d + 10, 3*d - 737 = -f*v. What is the units digit of v?
4
Let l be 12/(-21) - 2874/(-7). Suppose 0 = -4*v - l + 2578. What is the units digit of v?
2
Suppose -16 + 8 = -2*j. Suppose 3*k - j = 8. Suppose w + 5 = 0, k*d + 2*w + 9 = -3*w. What is the units digit of d?
4
Let z(r) = 9*r + 58. Let a be -1 + (30/(-6) - 0). What is the units digit of z(a)?
4
Let w = 10068 - 3915. What is the thousands digit of w?
6
Suppose 4*z - u - 37 = 2*z, 2*z + 5*u = 31. Let d be (-60)/z*(-2 + -1). Let b = d - 0. What is the units digit of b?
0
Suppose -6*h - 530340 = -53*h - 13*h. What is the thousands digit of h?
8
Suppose -5079 = -v - j, -22*v - 25427 = -27*v + 3*j. What is the units digit of v?
3
Let k(m) = m**2 + 24*m + 2. Let c be k(-27). Suppose -w + 16 = 2*y - 57, -3*y = -w + c. What is the tens digit of w?
7
Let m(b) = -b**2 - b + 73. Let y be m(0). Let h(a) = y + 85 - 7*a - 104 - 8*a. What is the hundreds digit of h(-10)?
2
What is the ten thousands digit of (112754/3 - (-45)/135) + 5?
3
Let r = 347 - 374. What is the hundreds digit of (42 + r)*73/5?
2
What is the ten thousands digit of (12/5)/((-282)/(-1453005))?
1
Suppose 145*b - 142*b + 27029 = 4*q, -b = -1. What is the units digit of q?
8
Suppose 6*s - 4*s = -a + 17729, -5*s + a + 44333 = 0. What is the tens digit of s?
6
Let c(p) = -21 - 12*p**2 - 10*p + 11*p**2 + 2*p**2. Let a be c(12). Suppose -4*s + a*d = -308, 2*s - 2*d = 3*d + 168. What is the units digit of s?
4
Let q(k) = -2309*k - 52. Let j be q(-4). What is the hundreds digit of ((-18)/7)/((-32)/j)?
7
Let m(f) = -f**3 + 7*f**2 + 4*f - 25. Let c be m(7). Suppose c*h = 2*h - 5*h. Suppose 8*n = 9*n - l - 216, 3*n - l - 652 = h. What is the units digit of n?
8
Let a(i) = -47*i + 27. Let q be a(-2). Suppose -g + 846 = q. What is the tens digit of g?
2
Let k(g) = 3*g - 26. Let b be k(6). What is the units digit of 16725/45 + (b/6)/2?
1
Let z(x) = 3*x**3 - 6*x - 1. Suppose 2*o + 2*o + 76 = 3*y, -o = -y + 20. Let g = 19 + o. What is the tens digit of z(g)?
6
Let u(a) = -69*a**3 - 3*a**2 + 2*a + 3. Let m be u(-1). Suppose 88 = 4*v + q, 3*v - m = 3*q + 14. What is the tens digit of v?
2
Suppose 583*l - 4*r = 586*l - 63687, 3*r = 0. What is the thousands digit of l?
1
Let p be (-4)/(-1 + -3)*-2. Let i = -9 - -10. What is the units digit of 22 - (i + -2)*(1 + p)?
1
Let b be ((-1)/2)/(-1)*80/(-20). Let j be (b - 32/(-28))*7. What is the hundreds digit of 3 - -127 - (2 + j)?
1
Suppose -318 = 5*h - 3*h. Let y = h + 308. What is the hundreds digit of y?
1
Suppose -4*m - 7*d + 128943 = 0, -m - m + 3*d = -64465. What is the tens digit of m?
3
What is the thousands digit of 0/5 - -6 - (2 + -6 + -25110)?
5
Suppose 0 = -227*y + 291338 + 1837922. What is the units digit of y?
0
Suppose 5*y = -15, -2*y - 2*y - 168697 = -5*r. What is the thousands digit of r?
3
Suppose 0 = -2*k + 3*x + 6225, -x = -15*k + 10*k + 15530. What is the tens digit of k?
0
What is the units digit of (-74346)/(-10) + (-120)/200?
4
Let c(r) = 54*r**2 - 35*r. Let p be c(-7). Suppose -4*i + p = 427. What is the units digit of i?
6
Suppose -117*c = -77*c - 319240. What is the hundreds digit of c?
9
Suppose -14*w = -18*w - 12. Let c(n) = -n**3 - n**2 + 5*n - 1. Let r be c(w). Let s = r - -117. What is the hundreds digit of s?
1
Suppose 0 = j + j - 180. Let m be 62/(-93) + ((-28)/(-6))/1. Suppose -m*y - y = -j. What is the tens digit of y?
1
Let i(u) = u**2 - 19*u + 44. Let y be i(20). Suppose -5*c - 3 = 4*d - 62, 0 = -4*c + d + y. What is the tens digit of ((-242)/(-35) - (-14)/49)*c?
0
Suppose r - 11913 = 3*i, 5*i = 3*r - 58113 + 22374. What is the thousands digit of r?
1
Let u(p) = -2*p + 14. Let v be u(10). Let s be ((-9)/v)/((-1)/(-10)). Suppose -40 = 5*g - s, -5*o + 5*g = -200. What is the units digit of o?
5
Suppose -5*v = -391*t + 392*t - 172973, -3 = -t. What is the thousands digit of v?
4
Let f(o) = 31*o**2 - 32*o + 68. What is the ten thousands digit of f(-25)?
2
Let c(o) = -26*o**2 + 11*o + 30. Let n = -67 + 64. Let j(i) = 9*i**2 - 4*i - 10. Let r(x) = n*c(x) - 8*j(x). What is the tens digit of r(-6)?
1
Let w be 0/(3 + 14/(-7)). What is the tens digit of (-2864)/(-2) + (-7 - w)?
2
Let y(h) = -h**3 + 13*h**2 - h + 44. Let c = 66 + -28. Suppose -q + 68 = 5*f - 0*q, 0 = -2*f - 4*q + c. What is the units digit of y(f)?
1
Let v be -1*(0/5)/(-2). Let l(q) = -18*q - 33. Let o be l(-16). Suppose v = 4*p - 4*s - 204, s - o = p - 6*p. What is the units digit of p?
1
Let m(r) = -131*r + 49*r + 2*r - 9. What is the units digit of m(-5)?
1
Let c be 20*-6*2/(-48). Suppose -c*s + 811 + 149 = 0. What is the units digit of s?
2
Let n(a) = 26*a**2 + 30*a - 251. What is the hundreds digit of n(13)?
5
Let c(s) be the third derivative of 2*s**5/15 + 49*s**4/24 - s**3/6 - 161*s**2. What is the units digit of c(7)?
4
Suppose 0 = -2*u - 2, -4*d - 8351 + 115872 = -u. What is the ten thousands digit of d?
2
Suppose -42205 = 95*l - 110*l + 74330. What is the thousands digit of l?
7
Suppose 0 = -6*k + 38*j - 36*j + 162140, 0 = 3*k - 4*j - 81073. What is the tens digit of k?
2
Let f(z) = 21*z - 415. Let r(a) = a - 1. Let q(k) = -7*k + 86. Let b(v) = q(v) + 3*r(v). Let x(w) = 11*b(w) + 2*f(w). What is the units digit of x(0)?
3
Suppose 8*z - 5569 = 36567. What is the units digit of z?
7
Let t = 330 - 354. What is the units digit of t/5*-3*60?
4
Let c = 271 - 266. What is the units digit of (272/(-3))/(c/60*-4)?
2
Let f(n) = 5633*n**3 + 10*n**2 + 38*n - 112. What is the units digit of f(2)?
8
What is the units digit of (-594788)/(-18) + 612/2754?
4
Let s = -40968 + 65283. What is the units digit of s?
5
Let p(h) = 4*h**2 - 181*h + 4237. What is the thousands digit of p(153)?
0
Let r(v) = 2*v**2 + 28*v + 18. Let s(y) = 3*y - 13. Let w be s(-11). Let c = w + 29. What is the hundreds digit of r(c)?
1
Let j = 568 - 567. What is the hundreds digit of (-12 - j)*(1 - 68)?
8
Let j be (-4)/16 - 26/16*-10. Let p(r) = 81*r - 243. What i